{"id":8,"date":"2022-08-08T20:30:08","date_gmt":"2022-08-08T18:30:08","guid":{"rendered":"https:\/\/www.annalerntleben.de\/?page_id=8"},"modified":"2022-08-10T21:23:34","modified_gmt":"2022-08-10T19:23:34","slug":"about","status":"publish","type":"page","link":"https:\/\/www.annalerntleben.de\/?page_id=8","title":{"rendered":"About"},"content":{"rendered":"\n<div class=\"wp-block-columns is-layout-flex wp-container-core-columns-is-layout-9d6595d7 wp-block-columns-is-layout-flex\">\n<div class=\"wp-block-column is-layout-flow wp-block-column-is-layout-flow\" style=\"flex-basis:33.33%\"><div class=\"wp-block-image is-style-rounded\">\n<figure class=\"aligncenter size-large is-resized\"><img loading=\"lazy\" decoding=\"async\" src=\"https:\/\/www.annalerntleben.de\/wp-content\/uploads\/2022\/08\/20220622_115223-576x1024.jpg\" alt=\"\" class=\"wp-image-33\" width=\"191\" height=\"340\" srcset=\"https:\/\/www.annalerntleben.de\/wp-content\/uploads\/2022\/08\/20220622_115223-576x1024.jpg 576w, https:\/\/www.annalerntleben.de\/wp-content\/uploads\/2022\/08\/20220622_115223-169x300.jpg 169w, https:\/\/www.annalerntleben.de\/wp-content\/uploads\/2022\/08\/20220622_115223-768x1365.jpg 768w, https:\/\/www.annalerntleben.de\/wp-content\/uploads\/2022\/08\/20220622_115223-864x1536.jpg 864w, https:\/\/www.annalerntleben.de\/wp-content\/uploads\/2022\/08\/20220622_115223-1152x2048.jpg 1152w, https:\/\/www.annalerntleben.de\/wp-content\/uploads\/2022\/08\/20220622_115223-152x270.jpg 152w, https:\/\/www.annalerntleben.de\/wp-content\/uploads\/2022\/08\/20220622_115223-scaled.jpg 1440w\" sizes=\"auto, (max-width: 191px) 100vw, 191px\" \/><\/figure>\n<\/div><\/div>\n\n\n\n<div class=\"wp-block-column is-layout-flow wp-block-column-is-layout-flow\" style=\"flex-basis:66.66%\">\n<p><\/p>\n\n\n\n<p>Ihr alle kennt mich &#8211; oder eben nur Teile und Facetten von mir. Ich habe Annalerntleben mit der Mission gegr\u00fcndet, euch daran teilhaben zu lassen, was in mir vorgeht, auch wenn ich nach Au\u00dfen hin fr\u00f6hlich und gelassen erscheine. F\u00fcr mich selbst habe ich die Hoffnung durch das Schreiben einen Weg zu finden die Kluft zwischen dem Innen und dem Au\u00dfen zu \u00fcberwinden, um sp\u00e4ter so Eins zu sein, dass ein Blog wie dieser gar nicht mehr n\u00f6tig ist. Bis dahin nutze ich diese Plattform als Hilfsmittel um mich auszudr\u00fccken und euch daran teilhaben zu lassen, so lange das Aussprechen noch zu schwierig f\u00fcr mich ist.\u00a0<\/p>\n\n\n\n<p><\/p>\n<\/div>\n<\/div>\n","protected":false},"excerpt":{"rendered":"<p>Ihr alle kennt mich &#8211; oder eben nur Teile und Facetten von mir. Ich habe Annalerntleben mit der Mission gegr\u00fcndet, euch daran teilhaben zu lassen, was in mir vorgeht, auch wenn ich nach Au\u00dfen hin fr\u00f6hlich und gelassen erscheine. F\u00fcr mich selbst habe ich die Hoffnung durch das Schreiben einen Weg zu finden die Kluft zwischen dem Innen und dem Au\u00dfen zu \u00fcberwinden, um sp\u00e4ter so Eins zu sein, dass ein Blog wie dieser gar nicht mehr n\u00f6tig ist. Bis&#8230;<\/p>\n<p class=\"read-more\"><a class=\"btn btn-default\" href=\"https:\/\/www.annalerntleben.de\/?page_id=8\">Weiterlesen<span class=\"screen-reader-text\"> Weiterlesen<\/span><\/a><\/p>\n","protected":false},"author":1,"featured_media":0,"parent":0,"menu_order":0,"comment_status":"closed","ping_status":"closed","template":"","meta":{"_s2mail":"yes","footnotes":""},"class_list":["post-8","page","type-page","status-publish","hentry"],"_links":{"self":[{"href":"https:\/\/www.annalerntleben.de\/index.php?rest_route=\/wp\/v2\/pages\/8","targetHints":{"allow":["GET"]}}],"collection":[{"href":"https:\/\/www.annalerntleben.de\/index.php?rest_route=\/wp\/v2\/pages"}],"about":[{"href":"https:\/\/www.annalerntleben.de\/index.php?rest_route=\/wp\/v2\/types\/page"}],"author":[{"embeddable":true,"href":"https:\/\/www.annalerntleben.de\/index.php?rest_route=\/wp\/v2\/users\/1"}],"replies":[{"embeddable":true,"href":"https:\/\/www.annalerntleben.de\/index.php?rest_route=%2Fwp%2Fv2%2Fcomments&post=8"}],"version-history":[{"count":5,"href":"https:\/\/www.annalerntleben.de\/index.php?rest_route=\/wp\/v2\/pages\/8\/revisions"}],"predecessor-version":[{"id":82,"href":"https:\/\/www.annalerntleben.de\/index.php?rest_route=\/wp\/v2\/pages\/8\/revisions\/82"}],"wp:attachment":[{"href":"https:\/\/www.annalerntleben.de\/index.php?rest_route=%2Fwp%2Fv2%2Fmedia&parent=8"}],"curies":[{"name":"wp","href":"https:\/\/api.w.org\/{rel}","templated":true}]}}